 - 6. Let o(k) = 4*k**2 - 3*k + 5. Let u(g) = s*v(g) - 2*o(g). What is u(0)?
2
Let w(k) = 3*k - 1. Let x be w(2). Let d(c) = -c**2 - c + 3. Let m(g) = g**2 + 0*g**2 + 2*g**2 - 2 - 2*g**2. Let j(t) = -4*d(t) - 5*m(t). What is j(x)?
-7
Let l(p) = p**3 + 7*p**2 + 3*p + 9. Let g = 120 + -127. Give l(g).
-12
Let z(o) = 6*o + 46. Let t(f) be the second derivative of f**3/6 + 9*f**2/2 + f. Let j(u) = 11*t(u) - 2*z(u). Calculate j(5).
2
Let a(y) = -y**3 + 4*y**2 - 2*y + 2. Let n be a(3). Suppose 5 = -5*g, -2*w + n*g = 3*g - 4. Let c(s) = -4*s - 1. Calculate c(w).
-5
Let d(h) be the third derivative of -1/15*h**5 - 1/120*h**6 + 5/6*h**3 - 3*h**2 + 0 + 1/12*h**4 + 0*h. Calculate d(-4).
-3
Suppose 10*x - 13 - 7 = 0. Let g(h) = -h + 2. What is g(x)?
0
Suppose 0 = -2*j - 3*w - 2, 4*j + j = 5*w - 30. Let b(n) = n**3 + 5*n**2 - 1. Calculate b(j).
15
Let f(g) = -g. Let b be f(1). Let d(m) = -m**2. Let s(k) = 2*k**2 + 3*k - 4. Let y(o) = b*s(o) - 3*d(o). Determine y(4).
8
Let n(q) = 2*q + 8. Let p be n(0). Suppose -4*f - 2*c = -2 + 22, -f - 2*c = 5. Let i = p + f. Let x(g) = g**2 - 4*g + 4. What is x(i)?
1
Let t(v) = -v. Let f(k) = 3*k**2 + 6*k + 1. Let x(q) = -f(q) - 6*t(q). Determine x(-1).
-4
Let n(i) = 4*i + 1. Let b(f) = -7*f - 2. Let k(d) = -6*b(d) - 11*n(d). Determine k(-3).
7
Let u(v) be the third derivative of -v**4/2 - v**3/6 - 19*v**2. Calculate u(-1).
11
Let j(r) be the second derivative of r**4/12 - r**3/2 - r**2 - 3*r. Suppose -12 - 4 = -4*s. What is j(s)?
2
Let o(k) = -k**2 - 9*k - 6. Let q be o(-8). Let s be q/(-9) + 32/(-18). Let f(y) be the third derivative of y**6/120 + y**4/12 + y**3/2 + 11*y**2. What is f(s)?
-9
Let u(q) = 242*q**2 + q**3 - 126*q**2 - 123*q**2 + 7*q + 7. Calculate u(6).
13
Let j(n) = n**3 + 3*n**2 + 3*n + 3. Let f(p) = -p + 10. Let l be f(6). Let o be (-13)/(-2) - 6/l. Let s = 2 - o. What is j(s)?
-6
Let y(l) = -2*l - 1. Suppose 0 = -5*o - 580 + 40. Let j be o/45 + 6/(-10). Give y(j).
5
Let s(d) = -d + 3. Let l(r) = -3*r - 1. Let f(v) = 7*v + 1. Let y(o) = 2*f(o) + 5*l(o). Let z be y(-3). Calculate s(z).
3
Let r(u) = 4*u**2 - u**2 + u**3 - 4 + 0*u**3 - 2*u. Let d = 24 + -28. Give r(d).
-12
Suppose 0 = 5*i - 6 + 1. Let z(o) = o + 3 - 1 + o - i. Determine z(2).
5
Suppose 7 = -3*x + 19. Let u(o) = -3*o + 2. Let d(h) = -4*h + 2. Let m(t) = 4*d(t) - 5*u(t). Give m(x).
-6
Suppose -5*s = -s - 3*u + 3, -u + 8 = s. Let l(w) = w**3 - w**2 - w. Let x(g) = -4*g**3 + 6*g**2 + 4. Let q(c) = 3*l(c) + x(c). Give q(s).
-5
Let f be (-1)/(-3)*3*-1. Let l(j) = -4*j - 1. Determine l(f).
3
Let u(l) be the first derivative of l**3/3 + 4*l**2 + 5*l + 16. Calculate u(-6).
-7
Let k(l) be the first derivative of 2 + 3/2*l**2 - 3*l + 1/3*l**3. Let j be k(-4). Let n(t) = -5*t**2 + t. Calculate n(j).
-4
Let u be (-8)/(-6)*(-90)/(-20). Let a(k) = k**2 - 6*k + 8. Determine a(u).
8
Let i(c) = -2*c - 7. Let s be i(-5). Let h(l) = 0*l**3 - l - 1 - l**s + 0*l**3 - l**2. Calculate h(-2).
5
Let h = 4885/2091 + -2/697. Let u(i) be the first derivative of 0*i**2 - i + h*i**3 - 1. Determine u(1).
6
Let q(w) = w**3 - 5*w**2 - 2*w + 6. Let i = 2 + 3. Give q(i).
-4
Let k(v) = -v**2 + 5*v. Let a be ((-8)/10)/((-18)/90). What is k(a)?
4
Let b(t) = -8*t**2 - 7*t**2 + t**3 - 4 + 11*t**2. Determine b(3).
-13
Let b(j) = -j + 1. Let s be 9 + (-2)/((-2)/(-2)). Suppose s*i - 2*i = 30. Let p be b(i). Let n(q) = -q**3 - 5*q**2 + q - 1. What is n(p)?
-6
Let z(f) = f**3 - 5*f**2 + f - 4. Let a(q) = q**2 + 2*q - 3. Let r be a(-4). Calculate z(r).
1
Let d(z) = z**3 - 3*z**2 - z - 1. Suppose -7*o + 3*o = 0. Suppose 2*r + r + 2*b = 1, 2*r - b - 10 = o. Give d(r).
-4
Let q(m) be the third derivative of 1/120*m**6 + 0*m + 5/24*m**4 - 4/3*m**3 + 0 + 5*m**2 + 7/60*m**5. Calculate q(-6).
-2
Let t be (14*(-3)/(-6))/(-1). Let b(y) = 5*y**2 - 13*y + 9. Let r(f) = -4*f**2 + 12*f - 8. Let n(p) = -5*b(p) - 6*r(p). Determine n(t).
3
Let x(j) = j**2 + 3*j - 7. Let n be x(-5). Let r(a) = 2 + 4*a**2 - 2*a - 6*a**2 - n - 5*a**2. What is r(-1)?
-6
Let v = 5 + -5. Let u be 1 + (v - 3)/(-3). Let y(b) = b**2 - 4*b. Calculate y(u).
-4
Let m(j) = 0*j + 2*j - 2*j + 3*j - 3. Give m(5).
12
Suppose -4*j - 5 = -5*z, 0 = z - 3*j - 6 + 16. Let x(u) = -4*u + 6. Calculate x(z).
-14
Let g(x) = 0 + 2*x - 5 + 0*x. Let v be g(5). Suppose o - 3*u + 2 = 3, 5*o = -5*u + v. Let p(m) = -8*m - 1. Calculate p(o).
-9
Let p(a) = -a**3 + 7*a**2 - a + 4. Let o = -5 - -12. Calculate p(o).
-3
Let j(q) = q**3 + 3*q**2 - 4*q - 5. Let g be (-84)/22 - 24/132. What is j(g)?
-5
Suppose 4*f + 14 = 5*g, f = 2*g - 3*f + 4. Let a(d) = 2*d + 1 + 0*d**3 - 5 + 0*d + d**3 - 6*d**2. Determine a(g).
8
Let v(i) = -9*i + 18*i - 10*i - 1 + 2. Determine v(6).
-5
Let f(p) = -8 - p + 9 + 8. Determine f(7).
2
Let i(s) be the first derivative of -s**3 + 5*s**2/2 + 4*s - 40. Determine i(4).
-24
Let m(w) = -3 - 16 - 9*w + 10*w. Determine m(0).
-19
Suppose -f + 1 - 3 = 0. Let i(l) = -l**2 - 2*l + 1. What is i(f)?
1
Let t(p) = -p**3 - 6*p**2 + 8*p + 2. Let u be ((-20)/(-5))/(1 - 0). Let g be -4 - (-6)/(u/(-2)). Give t(g).
-5
Let p be -3 + 44/4 - 2. Suppose -p*k - 4 = -2*k. Let n(c) = c + 6*c**3 + 12*c**3 - 8*c**3. What is n(k)?
-11
Let b(s) = 4*s - 1. Let l be b(3). Let j = l + -7. Suppose -j*w = -21 + 1. Let q(h) = h**3 - 5*h**2 + h - 4. Determine q(w).
1
Let n(a) = 2*a + 2. Let r be n(4). Suppose p - 18 = r. Suppose p = -5*m + 8. Let q(u) = -u**3 - 4*u**2 - 2*u - 3. What is q(m)?
5
Let j be 3/9 - (-4)/(-3). Let d(y) be the second derivative of y**6/30 - y**5/30 + y**3/6 + y**2 + 2*y. Let p(t) be the first derivative of d(t). Give p(j).
-5
Let x(s) = -s + 8. Let b be x(6). Let w be 6/(-3) + 13 - b. Let g(p) = p + w*p**3 + 0*p - 2*p. Determine g(1).
8
Let g = 9 + -7. Suppose 2*f - 4*w - 4 = 18, -g*f = -w - 13. Let y(m) = -3*m + 6. Give y(f).
-9
Let x(g) = 6*g**2 + g - 3 - g**2 - g**2 + g**3. Suppose 2*v + 12 = -h, -v + 5*h + 3 + 2 = 0. Let a = 1 + v. Give x(a).
-7
Let p(k) = -k**2 + 6*k. Let b(t) = -t**2 + 5*t + 6. Suppose 5*r - 12 = 3*r. Let o be b(r). Suppose -s + 1 + 4 = o. Determine p(s).
5
Let w(q) be the second derivative of -q**5/20 + 13*q**4/12 - q**3/6 + 17*q**2/2 - 32*q. Determine w(13).
4
Let s(w) = w**2 + 5. Let m be (0 - 5)*(-26)/(-65). Let k be (m - -2)/(1/(-1)). Calculate s(k).
5
Let t(n) = 2*n - 2. Let v = -67 + 64. Determine t(v).
-8
Let l(y) = 35*y**2 + 4*y - 2. Let k(n) = 17*n**2 + 2*n - 1. Let u(t) = 13*k(t) - 6*l(t). Determine u(1).
12
Let v(d) = -4 + 11*d - 4*d + 0 - 3*d**3 + 3*d**2 + 2*d**3. Calculate v(5).
-19
Let k = 192 - 195. Let u(h) = -19*h - 16. Let x(n) = 5*n + 4. Let p(i) = 2*u(i) + 9*x(i). What is p(k)?
-17
Let u(y) be the third derivative of 1/360*y**6 - 1/2*y**3 + 0*y + 1/24*y**4 + 1/24*y**5 + 3*y**2 + 0. Let t(i) be the first derivative of u(i). Determine t(-5).
1
Let m(c) be the first derivative of c**4/24 + c**3/2 + 2*c**2 - 4. Let v(j) be the second derivative of m(j). Determine v(-6).
-3
Let p be 6/(-15) + 3/(-5). Let t(h) = -h**2 + 6*h + 2. Let b be t(7). Let o = b - p. Let a(k) = k. What is a(o)?
-4
Suppose 0 = -4*c - 6 - 10. Let g = -7 - c. Let f(y) = -y**2 - 4*y - 2. What is f(g)?
1
Let t(d) = -d**3 - d + 1. Let m(u) = u**3 + 2*u - 2. Let s(k) = -m(k) - 2*t(k). Give s(-1).
-1
Suppose -w = -4 + 1. Let r = -2 + w. Let j(h) = 1 - 8*h**2 - 2 - 5*h + 5*h. What is j(r)?
-9
Let z(o) be the third derivative of o**2 + 0 + 0*o + 1/3*o**3 - 1/60*o**5 + 1/12*o**4. Determine z(4).
-6
Suppose 5*x = 1 + 14. Let f = -1 + x. Let z(v) = -4*v - 2. Let h(k) = -k - 1. Let c(m) = -3*h(m) + z(m). What is c(f)?
-1
Let m(f) be the first derivative of -4*f**3/3 + f**2 - f - 6. What is m(1)?
-3
Let w(z) = -z**2 + 8*z - 10. Let h be w(7). Let o = 0 - h. Let t(m) = 3*m + 4. Let c(u) = 1. Let n(g) = -2*c(g) + t(g). Determine n(o).
11
Let z = 90 + -90. Let s(q) = q**3 - 6*q**2 + 7. Let k be s(6). Let a(i) = -9*i + 5. Let l(v) = -5*v + 3. Let y(u) = k*l(u) - 4*a(u). Give y(z).
1
Let k(q) be the second derivative of q**4/4 - q**3/6 - q**2 - 11*q. Calculate k(2).
8
Let i(l) = -l**3 + l + 1. Let p(q) = q**2 - 3*q - 2. Let n be p(3). Give i(n).
7
Suppose -116 = -16*f - 20. Let b(h) = h - 7. What is b(f)?
-1
Let q(a) = -2*a**2 + 3*a + 4. Let c be (2 - (-20)/(-12))/((-1)/(-9)). Calculate q(c).
-5
Let v(i) = -7*i - 287 + 287. Suppose -1 = -2*f + 1